-4
Let j(x) = -x**3 + 60*x**2 - 502*x + 118. Give j(50).
18
Let l(p) = p**3 - 7*p**2 - 33*p + 37. Calculate l(10).
7
Let i(k) = -14*k**3 + 5*k**2 - 7*k - 8. What is i(2)?
-114
Let l(h) = -h**3 + 34*h**2 - 92*h + 1949. Determine l(33).
2
Let d(r) = -r**3 - 18*r**2 + 37*r - 102. Determine d(-20).
-42
Let l(n) = 143*n - 7877. Determine l(55).
-12
Let q(r) = -73*r + 205. What is q(4)?
-87
Let v(f) = -61*f - 8839. Calculate v(-145).
6
Let g(i) = i**2 + 17*i - 43. Calculate g(-19).
-5
Let m(c) = 1418*c - 22686. What is m(16)?
2
Let i(t) = 10*t + 758. Give i(-18).
578
Let c(h) = 3*h**2 + 189*h - 1424. What is c(8)?
280
Let u(v) = -2*v**2 - 50*v - 57. Give u(-26).
-109
Let a(s) = s**2 - 18*s + 78. Determine a(16).
46
Let p(u) = -4*u**3 + 21*u**2 - 6*u + 7. Give p(5).
2
Let l(k) = -3*k**2 + 12*k + 501. What is l(15)?
6
Let i(l) = 6*l**3 - 75*l**2 + 99*l + 5. Determine i(11).
5
Let i(r) = -r**3 - 13*r**2 - 32*r + 15. Calculate i(-9).
-21
Let p(m) = -18*m + 252. Determine p(14).
0
Let b(y) = -2*y**2 + 65*y - 571. Determine b(16).
-43
Let h(x) = -4*x**2 + 18*x + 21. Give h(4).
29
Let k(z) = -z**2 - 16*z - 264. Give k(-17).
-281
Let j(m) = -m**3 - 4*m**2 + 131*m + 12. Calculate j(-12).
-408
Let q(t) = 246*t - 9589. Determine q(39).
5
Let y(h) = -h**3 - 67*h**2 - 69*h - 218. Determine y(-66).
-20
Let o(d) = 2*d**3 - 10*d**2 + 17*d - 9. What is o(6)?
165
Let u(b) = -54*b + 381. Calculate u(8).
-51
Let o(v) = 43*v - 606. Determine o(14).
-4
Let v(d) = 58*d + 2048. Calculate v(-35).
18
Let w(f) = f**3 - 2*f**2 + 23*f - 408. Calculate w(7).
-2
Let d(m) = -240*m**2 + 2884*m - 60. Calculate d(12).
-12
Let k(q) = -9*q**2 - 43*q + 117. Determine k(-10).
-353
Let a(z) = 17*z**2 + 432*z + 170. Determine a(-25).
-5
Let b(i) = -i**2 - 46*i - 523. Determine b(-24).
5
Let u(j) = 2*j**3 + 8*j**2 - 29*j + 8. Determine u(-8).
-272
Let o(w) = -w - 69. Determine o(11).
-80
Let k(w) = 7*w**3 - 15*w**2 - w + 3. Determine k(2).
-3
Let b(j) = 25*j**2 + 1879*j - 1591. What is b(-76)?
5
Let b(a) = 1058*a**3 + 4*a**2 + 11*a - 13. Give b(1).
1060
Let d(z) = -z**3 - 32*z**2 - 35*z - 61. Calculate d(-31).
63
Let z(o) = 5*o**2 + 54*o - 403. What is z(7)?
220
Let t(b) = -b**3 - 16*b**2 - 67*b - 19. Calculate t(-8).
5
Let x(h) = 5083*h + 25424. Calculate x(-5).
9
Let t(z) = 8*z - 281. Calculate t(9).
-209
Let o(y) = 1706*y - 44350. Calculate o(26).
6
Let q(u) = -u**3 + 71*u**2 + 222*u + 25. Give q(74).
25
Let p(l) = -4*l + 62. Give p(13).
10
Let x(m) = 1083*m + 8657. Calculate x(-8).
-7
Let f(t) = -t**2 + 36*t - 313. What is f(13)?
-14
Let a(n) = 2*n**2 + 20*n - 213. Determine a(-16).
-21
Let y(b) = -b**3 - 20*b**2 - 89*b + 5. Determine y(-7).
-9
Let x(b) = -1701*b - 10234. Give x(-6).
-28
Let m(r) = 5*r**2 + 131*r - 484. What is m(4)?
120
Let m(k) = -17*k - 744. Give m(-44).
4
Let p(f) = -78*f - 698. What is p(-9)?
4
Let p(r) = -11*r + 765. What is p(33)?
402
Let r(u) = u**2 - 263*u + 1329. Give r(5).
39
Let h(l) = l**2 + 17*l - 161. What is h(-22)?
-51
Let o(t) = 8*t**2 - 70*t - 23. Give o(9).
-5
Let p(u) = 2*u**2 + 24*u - 85. Give p(-16).
43
Let g(y) = -y**3 - 18*y**2 + 10*y + 186. Calculate g(-18).
6
Let u(l) = -5*l**2 - 212*l - 111. Calculate u(-38).
725
Let h(g) = 570*g - 13107. What is h(23)?
3
Let b(v) = v**3 - 19*v**2 - 191*v + 3657. Give b(14).
3
Let x(t) = -2*t**2 - 52*t + 191. Calculate x(-31).
-119
Let f(r) = -2*r**3 + 204*r**2 - 2304*r - 893. Determine f(89).
-3
Let y(v) = 2*v**3 + 88*v**2 - 89*v + 43. Calculate y(-45).
-2
Let v(p) = 26*p - 55. Give v(-3).
-133
Let r(s) = s**3 + 2*s**2 + 2*s + 11. Calculate r(-4).
-29
Let g(q) = q**3 - 42*q**2 - 34*q - 384. Calculate g(43).
3
Let p(v) = -16*v**2 + 106*v + 10. Calculate p(8).
-166
Let a(m) = -40*m + 3435. Calculate a(86).
-5
Let x(q) = q**2 - 51*q + 576. What is x(18)?
-18
Let b(i) = -28*i**2 - 44*i + 121. What is b(3)?
-263
Let q(k) = -2*k**3 - 56*k**2 + 62*k + 73. Calculate q(-29).
-43
Let a(b) = 5*b**2 - 83*b + 183. Give a(14).
1
Let y(k) = k**3 + 44*k**2 - 105*k - 509. What is y(-46)?
89
Let a(d) = -d**3 - 22*d**2 + 16*d - 35. Determine a(-23).
126
Let h(y) = 3*y**3 - 23*y**2 - 15*y + 62. Determine h(8).
6
Let q(r) = r**2 + 307*r + 21730. Calculate q(-111).
-26
Let r(a) = -606*a - 2438. Determine r(-4).
-14
Let y(d) = 3*d**3 + 3*d**2 - 2*d - 6. Give y(-2).
-14
Let z(b) = -b**3 - 35*b**2 + 205*b + 167. What is z(-40)?
-33
Let s(l) = 128*l + 32. What is s(-3)?
-352
Let a(n) = 13*n - 220. What is a(8)?
-116
Let d(p) = 3*p**2 - 80*p + 375. Calculate d(21).
18
Let j(b) = -b**3 + 55*b**2 - 253*b - 1. Give j(50).
-151
Let m(p) = -2*p**3 + 186*p**2 - 207*p + 2148. Calculate m(92).
32
Let z(g) = -g**3 + 8*g**2 + g - 20. Give z(8).
-12
Let x(k) = -10*k**3 + 181*k**2 - 14*k - 67. Determine x(18).
5
Let c(j) = -j**2 - 56*j - 472. What is c(-46)?
-12
Let a(h) = 6320*h - 25299. Determine a(4).
-19
Let c(f) = 92*f - 634. Give c(7).
10
Let n(t) = t**3 + 69*t**2 + 643*t + 37. Give n(-11).
-18
Let t(l) = 12*l**2 + 92*l - 93. Give t(1).
11
Let z(a) = a**3 + 13*a**2 + 13*a - 100. Give z(-11).
-1
Let y(l) = 216*l - 1912. Determine y(9).
32
Let l(q) = -q**3 + 3*q**2 + 297*q - 2001. What is l(14)?
1
Let a(k) = -2*k**2 + 10*k - 5. What is a(8)?
-53
Let p(m) = 3*m**2 + 149*m + 1140. Determine p(-9).
42
Let o(z) = -z**3 - 51*z**2 + 48*z - 108. Calculate o(-52).
100
Let b(l) = -136*l**2 - 548*l + 14. Give b(-4).
30
Let u(w) = -3238*w + 12924. Give u(4).
-28
Let a(j) = -83*j + 524. Give a(6).
26
Let r(o) = -12*o + 229. What is r(7)?
145
Let x(q) = q**3 + 43*q**2 + 187*q - 89. What is x(-38)?
25
Let q(g) = -67*g**2 - 733*g + 21. Calculate q(-11).
-23
Let p(s) = -121*s**3 - s**2 + 49*s + 51. Calculate p(-1).
122
Let n(c) = c**2 - 37*c + 364. Give n(14).
42
Let z(d) = -2*d**3 + 9*d**2 + 14*d - 24. What is z(4)?
48
Let s(g) = -g**3 - 18*g**2 + 49*g + 322. What is s(5)?
-8
Let k(m) = 374*m**2 + 6*m + 3. Calculate k(-1).
371
Let d(k) = -284*k + 4270. Calculate d(15).
10
Let u(o) = -o**2 + 62*o - 892. What is u(24)?
20
Let j(f) = -9*f - 283. Calculate j(-30).
-13
Let w(j) = 6*j**3 - 70*j**2 - 113*j - 19. Determine w(13).
-136
Let n(a) = 70*a**2 + 17*a + 2. What is n(1)?
89
Let o(w) = -w**3 - 43*w**2 - 137*w + 740. Calculate o(-39).
-1
Let k(h) = 379*h + 1516. Determine k(-4).
0
Let m(a) = a**3 + 86*a**2 + 178*a - 5890. What is m(-83)?
3
Let w(x) = 61*x**3 + 2*x**2 - 19*x - 21. Determine w(-1).
-61
Let x(l) = -436*l - 10031. Give x(-23).
-3
Let p(z) = -4721*z - 37758. What is p(-8)?
10
Let o(n) = 3*n**2 + 294*n - 306. Give o(-99).
-9
Let s(y) = 149*y - 582. Give s(4).
14
Let f(u) = u**3 - 45*u**2 - 103*u + 397. Determine f(47).
-26
Let s(h) = -h**2 + 32*h - 55. Calculate s(31).
-24
Let b(a) = -a**2 + 170*a - 4485. Determine b(34).
139
Let k(y) = 8*y + 690. Determine k(-7).
634
Let b(m) = 2*m**3 - 10*m**2 - 23*m + 177. Calculate b(6).
111
Let f(h) = 152*h - 1134. Determine f(7).
-70
Let c(z) = -z**3 - 15*z**2 + 88*z + 935. Determine c(-17).
17
Let y(o) = o**3 + 63*o**2 + 125*o + 118. Determine y(-61).
-65
Let r(h) = 13*h - 373. What is r(12)?
-217
Let v(m) = -44*m + 394. What is v(11)?
-90
Let z(f) = -3*f**3 + 10*f**2 + 97*f + 4. What is z(9)?
-500
Let i(q) = 4*q**2 + 56*q - 11. Give i(-16).
117
Let v(l) = 4528*l + 49806. Calculate v(-11).
-2
Let d(t) = -t**2 + 11*t + 322. Give d(-14).
-28
Let q(j) = -51*j - 1488. Give q(-28).
-60
Let i(n) = n**3 - 54*n**2 + 105*n - 105. Give i(52).
-53
Let d(w) = -322*w + 51193. Give d(159).
-5
Let k(m) = -71*m + 322. Calculate k(7).
-175
Let k(z) = 9*z**2 - 424*z + 124. What is k(47)?
77
Let t(k) = 3*k**2 + 19*k - 16. Give t(1).
6
Let v(i) = 50*i - 3300. Determine v(66).
0
Let f(b) = -b**3 - 10*b**2 - 13. What is f(0)?
-13
Let v(k) = k**3 + 20*k**2 - 19*k - 116. Give v(-20).
264
Let x(a) = 80*a**2 + 1361*a + 20. What is x(-17)?
3
Let w(g) = 2*g**2 + 56*g + 17. What is w(-11)?
-357
Let p(j) = 16567*j - 16576. Determine p(1).
-9
Let x(a) = -43*a - 1190. Determine x(-28).
14
Let d(r) = -2*r**2 + 53*r - 87. Calculate d(25).
-12
Let w(n) = 11*n - 179. Give w(24).
85
Let n(q) = 737*q - 5362. Determine n(7).
-203
Let p(y) = -y**2 - 406*y - 39380. What is p(-160)?
-20
Let x(c) = c**3 - 50*c**2 - 817*c - 96. Calculate x(63).
30
Let y(a) = 22*a + 114. Calculate y(-5).
4
Let x(m) = 5*m**2 + 68*m - 63. Determine x(-14).
-35
Let f